(g - 0). Suppose -b = -5*l + 134. What is the tens digit of l?
5
Let u(x) = -7*x + 13. Let c(h) = 1. Let k(a) = 3*c(a) + u(a). Let y be (-59 + 57)/((-1)/(-14)). What is the tens digit of k(y)?
1
Suppose 0 = -z - x + 7095, 3*z + 34*x - 21291 = 30*x. What is the thousands digit of z?
7
Let p = -219 - -218. What is the tens digit of -4 - 1*p/3*339?
0
Let g(f) = 16*f**3 + 8*f**2 + 2*f - 9. Let m(t) = t**3 + t**2 - t - 2. Let a(r) = -g(r) + 4*m(r). What is the tens digit of a(-2)?
9
What is the tens digit of 84 - -1209 - (-2 + 15)?
8
Let p be (-4354)/5 + (-11)/55. Let u = -402 - p. What is the tens digit of u?
6
Let b(w) = 3*w**3 + 12*w**2 - 13*w + 1611. What is the tens digit of b(22)?
7
Let x(p) = -p**3 - 11*p**2 + 2*p + 26. Let u be x(-11). Suppose g - 1 = 2*g + u*o, -2*g - 5*o - 2 = 0. What is the units digit of (-100)/g - (1 + 3)?
6
Let b be -1*6/(-2) + 0. Suppose -10 = -5*i - 4*l, -4*l + 0*l + 24 = -2*i. What is the units digit of (191/3 + b)/(i/(-6))?
0
Suppose -3*o - 16164 = 5*h - 43867, -6 = -o. What is the units digit of h?
7
Let q(j) = 10*j - 8. Let z be q(1). Suppose z*w + 2*b = 1208 - 356, -4*b = -5*w + 2166. What is the tens digit of w?
3
Let d = 4409 + -739. What is the thousands digit of d?
3
Let s(t) = -t**3 + 23*t**2 - 121*t + 10. Let q be s(15). What is the thousands digit of (q + 6)*(1331 - (-5 + 9))?
1
Suppose 8*q + 99 = 27. Let t(x) = -16*x**3 + 3*x**2 - 17*x - 5. Let n(h) = -4*h**3 + h**2 - 4*h - 1. Let c(r) = q*n(r) + 2*t(r). What is the tens digit of c(3)?
8
Suppose 3*p + 6 = -6, 4*p - 382 = -2*t. Suppose -2*w + t = -141. What is the hundreds digit of w?
1
Suppose -86 = 4*v + 54. Let b = v - -35. Suppose n + 355 = 2*l + l, b = 5*l + 4*n - 620. What is the tens digit of l?
2
Let k be 3 + -3 + -7 + 1. What is the tens digit of (-9055)/105*k + (-12)/28?
1
Suppose 25*i + 95 = 44*i. What is the hundreds digit of (501 - -21) + i*-1?
5
Let j(i) = -i**2 + 9*i + 29. Let l be j(0). Let u(w) = w**3 - 19*w**2 + w - 19. Let k be u(19). Suppose k = l*q - 26*q - 246. What is the tens digit of q?
8
Let t = -135 + 189. Let x = 47 - t. Let q = 63 - x. What is the tens digit of q?
7
What is the thousands digit of 143654/12 + 35/(-30)?
1
Suppose 0 = -4*i + 8, -6846 = 5*m - 3*i - 27390. What is the hundreds digit of m/6 + 3/1?
6
Suppose -2*v + 0*u = -2*u + 14, -2*v + 2 = 2*u. What is the units digit of (-4)/(1/66*v)?
8
Let m(n) = -71*n - 41. Let v be m(-28). Let o = -1384 + v. What is the units digit of o?
3
Let l = -492 + 486. What is the thousands digit of (4/l - (-91)/105)*5435?
1
Let w be (130 - (-4 - -4)) + 1. Suppose -w*z + 127*z = 0. Suppose 10*q - 772 - 698 = z. What is the hundreds digit of q?
1
Suppose -13*s - 8*m - 168264 = -18*s, 3*s - 100941 = -m. What is the units digit of s?
8
Suppose 3*b - b = -4*l + 1264, 4*b = -2*l + 644. What is the units digit of l?
4
Suppose 60582 - 14466 = 12*n. What is the tens digit of n?
4
Suppose -3*w + 9*w = 4*a - 134144, -134198 = -4*a - 3*w. What is the hundreds digit of a?
5
Let u(g) = -3*g**3 - 2*g**2 - 5*g - 4. Let b be u(-1). Suppose b*z = -4*n + 766, -204 = -n + 3*z - z. What is the hundreds digit of n?
1
Suppose t - 1 = -2*s, 4 = 5*t + 3*s - 15. Let p(x) = -5*x - 14. Let i be p(t). Let v = 112 + i. What is the units digit of v?
3
What is the hundreds digit of (14398/(-23))/((-1)/26)?
2
Suppose s - 1 = 5*w, 3 + 6 = s + 3*w. Suppose -12 - s = 6*n. What is the units digit of 3 - (-5 + n + 7)?
4
Suppose i + 8*i = 63. Suppose 2*l + 15 = i*l. Suppose l*p = -p + 268. What is the units digit of p?
7
Suppose 134950 = 10*j + 4*o, -8*o = 2*j - 6*o - 26996. What is the hundreds digit of j?
4
What is the units digit of (-3*3/36)/(8/(-166432))?
1
Let d = 1400 + 14542. What is the ten thousands digit of d?
1
Let f(p) = 1298*p**2 - 40*p - 239. What is the hundreds digit of f(-5)?
4
Let s = -334 + 340. Suppose -1890 = -5*k - 3*p, 2*p = 5*k - 10*k + 1895. Suppose -s*o + k = -447. What is the units digit of o?
8
Suppose 2*d - 10937 = 2*w + 7679, -5*w + 37187 = 4*d. What is the thousands digit of d?
9
Let l = -23 - -27. Let r(n) = -8*n + 14*n + 51 - l*n + 0*n. What is the units digit of r(-19)?
3
Suppose -5*u = 10, -5*w = -3*u - 317927 + 112921. What is the units digit of w?
0
Let o be (-10 - (0 - -1))*-40. Let x(r) = 5*r**2 + 106*r - 105. Let t be x(1). Suppose 4*c + t*c = o. What is the tens digit of c?
4
Let a(s) = 44*s**2 - 12*s + 35. Let c be a(3). What is the hundreds digit of c + 7/3*-3?
3
Suppose -24 + 14 = 2*a. Let g(m) = -15*m - 9. Let j(o) = 15*o + 10. Let v(z) = 7*g(z) + 6*j(z). What is the units digit of v(a)?
2
Suppose -202 = -3*c + 8*s - 4*s, 2*c = -s + 153. Let j be (3 + 0 - 2)*c. Let w = 111 - j. What is the units digit of w?
7
Let i = -304 + -78. Let w = -92 - i. What is the tens digit of w?
9
Suppose -4*r + 148 = 3*h, -h - 20*r = -15*r - 42. Suppose 0 = -4*t - 4*i + 2624, -50*t + h*t + 3*i = 1309. What is the units digit of t?
9
Let q(a) = a**3 + 3*a**2 - 8*a - 7. Suppose 2*p - 2 = -4. Let n(m) = m. Let s(x) = p*q(x) - 6*n(x). What is the units digit of s(-5)?
7
Let z be (-386)/26 - ((-64)/104)/(-4). Let c(w) = 6*w**2 - 4*w - 24. Let g be c(z). Suppose -g = -44*i + 37*i. What is the units digit of i?
8
Let i = -146432 - -244801. What is the tens digit of i?
6
Let n = 202 + -197. Suppose 5*l = 4*x + 131, n*x - 3 = 2*l - 3*l. What is the units digit of l?
3
What is the tens digit of (-5*(-33928)/(-240))/((-1)/6)?
4
Let v = 84 + -73. Let j(r) = -r + 16. Let p be j(v). Suppose -3*o - p*l = -l - 340, -l = 2. What is the hundreds digit of o?
1
Let k(g) = -280*g**3 - 10*g**2 - 44*g - 5. What is the hundreds digit of k(-3)?
5
Let u = -37 - -40. Suppose 0 = 4*n - y - 48, 0 = -u*y - y - 16. Suppose -222 = 9*z - n*z. What is the hundreds digit of z?
1
Suppose -7*d + 66 - 10 = 0. Let m = d + 0. Suppose -2*k - m + 74 = 0. What is the tens digit of k?
3
Suppose 0 = 118*d - 113*d - 15. What is the units digit of 305 - 0 - (-4 + 12 - d)?
0
What is the ten thousands digit of 128612/(12 - 1) - -12?
1
What is the thousands digit of -5 + 4328 + 3 - -2?
4
Let k(p) = -p**3 + 4*p**2 - 3*p. Let a be k(3). Suppose -4*d + 3*u - 260 = a, -114 - 84 = 3*d - 3*u. Let x = d + 139. What is the units digit of x?
7
Suppose 63*a - 60*a = 21. Suppose -a*d = 10*d - 6528. What is the units digit of d?
4
Let k = 258 + -119. Suppose -10 = -2*m, -89 - 74 = 2*u + 3*m. Let p = k + u. What is the tens digit of p?
5
What is the ten thousands digit of 6623162/453 + (10/(-6) - 0)?
1
Suppose -3*d + 36 - 8 = -4*p, -4*d + 4*p + 32 = 0. Suppose -g = 3*m - 1564, g = 2*g - d*m - 1599. What is the units digit of g?
9
Let m = 4419 - 4013. What is the hundreds digit of m?
4
Let i = -3650 + 21347. What is the thousands digit of i?
7
Let d(h) = -28*h + 8. Let r be d(-2). Suppose -3*s - 8 = -2*w + w, 4*w - 4*s - r = 0. What is the tens digit of w?
2
Suppose -83*b + 8163 + 2652 = -18235. Let y be -1 - (-3)/(3/4). Suppose y*q - 154 = b. What is the units digit of q?
8
Suppose 6*a - 25*a = 0. What is the units digit of (a - (-706)/3)*12/8?
3
Let f be 7*(18 + -6)/(-2). What is the units digit of ((-14)/f)/((12/2115)/4)?
5
Let x = -2067 - -7444. What is the hundreds digit of x?
3
Let n = 8993 + 3103. What is the tens digit of n?
9
Let l be (-38)/95 - 14/(-10). What is the units digit of l/((-22)/(-4)) - (-57225)/165?
7
Suppose -r = -4*p - 32278, -59*p + 60*p - 129231 = -4*r. What is the hundreds digit of r?
3
Let b(r) = -58*r**3 - 3*r**2 + 17*r + 131. What is the tens digit of b(-10)?
6
What is the units digit of (-4 - (-24)/15)*(-14460)/24?
6
Let b = 10 + -15. Suppose -r = 7*f - 3*f - 7, 3*f + 21 = r. Let t = b + r. What is the units digit of t?
0
Let i(p) = -p**2 + 11*p + 82. Let x be i(-5). Suppose 0 = -4*u - 4*a - 527 + 2099, -x*u = -2*a - 790. What is the hundreds digit of u?
3
Let q(o) be the third derivative of 23*o**4/24 - o**3 - 3*o**2 - 9*o. Let s(k) = 6*k**2 - k. Let u be s(1). What is the tens digit of q(u)?
0
Suppose -n + 11*v - 8*v = -26082, 3*n - 78196 = -v. What is the thousands digit of n?
6
Let r = 22 + -19. Let d be r/21 + -4*(-10)/14. Suppose -24 = 2*c - 3*l - 189, -l + 275 = d*c. What is the tens digit of c?
9
Suppose -15*y + 23088 + 3016 = -20531. What is the units digit of y?
9
Suppose 8*r = -25 + 89. Suppose r*d + 172 = 4*d. Wha